pose 7*r = 6*r - 2. Let n be (-6 + 3 + 1)*r. Suppose -h - n*h + 190 = 0. What is the tens digit of h?
3
Let o = 2 - 6. Let c(q) be the first derivative of q**3/3 + 41. What is the units digit of c(o)?
6
Let l = 635 + -451. What is the tens digit of l?
8
Let y(s) = -s + 9. Let d be (-15)/(-6)*(0 + 2). Let l be y(d). Suppose -6*h + 32 = -l*h. What is the tens digit of h?
1
Let t = 41 - 36. Suppose -g + 4*g = -3, 5*s + t*g - 230 = 0. What is the tens digit of s?
4
Let k(f) = -32*f**3 - 8*f**2 - 18*f. What is the tens digit of k(-2)?
6
Let o = 3 - -5. Let g be 4/(((-12)/o)/(-3)). What is the tens digit of 4/g*-6 - -35?
3
Suppose 0*q = -2*q - 4*m - 992, q - 5*m + 468 = 0. Let x = q - -711. What is the units digit of x?
3
Let r(m) = -3*m**2 + m + 4. Let f(s) = 7*s**2 - 3*s - 9. Let u(l) = -2*f(l) - 5*r(l). What is the units digit of u(-4)?
0
Let a(q) be the second derivative of -q**3 + 21*q**2/2 + 3*q. What is the tens digit of a(-16)?
1
Suppose -5*t = 2*t - 21. Suppose -v + 2*k + 81 = 0, -2*v - t*k = -0*k - 134. What is the units digit of v?
3
Suppose 19 = -4*s + 11. What is the units digit of (((-1365)/25)/7)/(s/20)?
8
Let y = 1369 + -574. What is the units digit of y?
5
Let c(g) = 3*g**2 - g + 1. Let f(x) = x - 4. Let l be f(10). Suppose 0*h - l = 3*h. What is the tens digit of c(h)?
1
Suppose 6*n - 8 = 4*n. Let z(p) = p**3 - 3*p**2 + 4*p - 5. What is the units digit of z(n)?
7
Let j = 19 + 4. Suppose l + 19 = j. What is the units digit of l?
4
Let i be (2/(-4))/(11/(-44)). Let s(y) = -3*y**3 + 5 + 2 - 6*y**2 + i*y**3. What is the units digit of s(-6)?
7
Let n = -16 + 14. Let k be (n/(-6))/(2/306). Let i = k - 35. What is the tens digit of i?
1
Let d(y) be the first derivative of -8*y**3/3 + 2*y**2 + 2*y + 3. Let r be d(4). What is the tens digit of ((-4)/(-5))/((-4)/r)?
2
Let t(v) = -4*v + 53. Let m be t(12). Suppose 6*q - 8*q + m*z + 7 = 0, 5*z = q + 9. What is the tens digit of q?
1
Let d(o) = 55*o**2 - 12*o + 4. Let y be d(-4). Suppose 3*m + 3*g = 7*g + 566, 0 = 5*m - g - y. What is the tens digit of m?
8
Suppose 42*j = 5401 + 75491. What is the tens digit of j?
2
Suppose 38 + 5 = j - 5*h, 5*h + 79 = 3*j. Suppose r - m - 3 = 0, 5*r - j = r - 2*m. Suppose r*n = -2*z + 3*n + 64, -2*n + 97 = 3*z. What is the tens digit of z?
3
Suppose 0*q + q = 3. Suppose 8*g - q*g = 30. Suppose 7*f = g*f + 20. What is the tens digit of f?
2
Suppose 2*p = 41 + 61. What is the tens digit of (-2)/(p/54 + -1)?
3
Suppose 19 + 85 = 4*d. Let z = d + -29. Let o = 42 + z. What is the tens digit of o?
3
Let c(a) = 92*a - 366. What is the units digit of c(4)?
2
Let j = 32 + -29. What is the units digit of (-12)/2*j/(-6)?
3
Let k = 478 + -18. What is the units digit of k?
0
Suppose 5 = 4*m - 5*h + 3, 5*m + 5*h = 25. Suppose -4*t + 6*t + b = 237, -b = m. Suppose -6*r = -2*r - t. What is the tens digit of r?
3
Let s(h) = -30*h**2 + 2*h - 1. Let k be s(1). Let r = k - -27. What is the tens digit of ((-15)/r)/(15/30)?
1
What is the hundreds digit of 33807/11 + 512/(-1408)?
0
Let n = -934 - -2224. What is the hundreds digit of n?
2
Let l be ((-1)/2)/(3/(-36)). Let n(f) = -l - 9*f**2 - 3*f**3 + 2*f**2 + 8*f + 4*f**3. What is the units digit of n(6)?
6
Suppose -2*k = -116 + 22. Let l be 144/27*30/(-8). Let o = k + l. What is the units digit of o?
7
Suppose -4*i + 2640 + 4164 = 0. Suppose 4*y + i = 11*y. What is the hundreds digit of y?
2
Let a = 216 + 30. Suppose a = 5*j - 3*j. What is the tens digit of j?
2
Let b = 24 + -21. What is the tens digit of (-12)/(-36) + 206/b?
6
Suppose 4*c + w + 16 = 3*w, c = -2*w - 9. Let g = 18 + c. What is the units digit of g?
3
Let h = 5700 - 2271. What is the tens digit of h?
2
Let n = 187 + 315. Suppose -4*w = -2*s - n, -3*s + 3 = 3*w - 396. What is the hundreds digit of w?
1
Suppose 6*z - 5171 = -1613. What is the tens digit of z?
9
Suppose -3*l + 2*l = 110. Let z = 170 + l. What is the units digit of z?
0
Let t = 1387 + -734. What is the tens digit of t?
5
Let b = -76 - -76. Suppose 2*u + 5*u - 1526 = b. What is the hundreds digit of u?
2
Suppose -114 = 8*p - 9*p. What is the units digit of p?
4
Suppose -j - 7 = -13. Suppose 0 = 3*o + j, 2*b = 3*b - 3*o - 90. What is the tens digit of b?
8
Let v = 392 + -257. What is the units digit of v?
5
Let j = -24 + 21. What is the tens digit of (j/4)/(7/(-1120))?
2
Let y(h) = h**2 - 2*h - 4. Let q be y(3). Let p(r) = -r**3 + 3*r**2 + r - 1. Let f be p(q). Let t(w) = 12*w + 1. What is the units digit of t(f)?
5
Let w = -82 + 86. Suppose 5*m - 6*m + 5 = 0. Suppose -m*y + 185 = w*f, f + 6 + 154 = 5*y. What is the tens digit of y?
3
Let f(y) = -2*y**2 - 92*y + 15. What is the hundreds digit of f(-29)?
0
Suppose 671 = -4*j - r + 5123, -2*j + r + 2232 = 0. What is the hundreds digit of j?
1
What is the tens digit of 7*13/(117/198)?
5
Suppose -3*u + 1732 = 550. What is the units digit of u?
4
Suppose 0 = -3*w + 450 - 93. Suppose -4*r - 15 = -w. What is the units digit of r?
6
Suppose d - 9*d + 24 = 0. Suppose -96 = -d*m - 0. Suppose -3*g + g = -m. What is the units digit of g?
6
Let h(k) = k**2 - k. Let i be h(1). Suppose 88 = -i*c + 4*c. What is the tens digit of c?
2
Let v = 26 + -14. Let g = v - 6. What is the units digit of 4/6*(g + -3)?
2
Suppose 3*k - 21 = -4*x - 6, -3*x - 5*k + 25 = 0. Suppose -3*l - l - 4*m = -40, x = -l + 2*m - 2. What is the units digit of l?
6
Let c(w) = 4*w**3 + 4*w**2 - 4*w + 1. Suppose 0 = -0*r + 5*r - 15. What is the tens digit of c(r)?
3
Suppose 0 = -4*t - 0*j + j - 24, -25 = 3*t + j. Let d(r) = -4*r**3 - 5*r**2 - r - 1. Let o be d(-2). Let q = o + t. What is the units digit of q?
6
Let h(j) = -25*j**3 + j**2. Let m be h(-1). Suppose 0 = -w + 57 + m. What is the units digit of w?
3
Let d = -85 - -19. Let t = 185 + d. Suppose 5*c - 145 = 4*k, 3*c + 0*c + 4*k - t = 0. What is the tens digit of c?
3
Let w = 2052 - 437. What is the units digit of w?
5
Suppose -4*g + 330 = -3*g + 2*k, 6 = -2*k. Let j = -203 + g. What is the units digit of j?
3
Suppose 0 = 11*g - 4884 - 781. What is the tens digit of g?
1
Let q = 8 + -2. Suppose -q*j + 7*j - 33 = 0. What is the units digit of j?
3
Let f(q) = 5*q**3 + q - 1. Let x be f(1). Suppose -3 = -2*n + x. Suppose 144 = 3*i + 3*l, 0*i - 235 = -5*i - n*l. What is the tens digit of i?
4
Suppose 2*u + 4*u + 54 = 0. Let t(w) = w**3 + 9*w**2 + w + 30. What is the tens digit of t(u)?
2
Let o be ((-492)/(-36))/(((-2)/(-15))/(-2)). Let m = o - -294. What is the units digit of m?
9
Suppose -3*t - 45 = -3*m, -4*t + 5*m = 29 + 36. Let o be (-1)/5 - (-18)/t. What is the units digit of (-2 - o - 17)/(-1)?
7
Let w = 10 - -1. Suppose 0 = -4*z + w + 45. Suppose z + 18 = 4*k. What is the units digit of k?
8
What is the units digit of -7 - (56/16 - (-60315)/(-10))?
1
Let t(r) = -3*r**3 + r + 1. Let k be t(-1). Let g(q) = -4*q + q + 24*q**2 + k*q. What is the tens digit of g(-1)?
2
Suppose -4*p + 2 = 2*k, 8 = -2*p - 0. Let y = k - 14. Let f(m) = -m**2 - 6*m + 2. What is the units digit of f(y)?
7
Let c(n) = n**3 - 9*n**2 + 8*n + 8. Suppose 0*h - 3*h = -24. Let g be c(h). Suppose 0 = i - 14 - g. What is the tens digit of i?
2
Suppose 5*a = -2*i - 16, 16 = 3*i - 2*a + 2. Let t be -4 + 99*i + 4. Suppose 0 = -4*c - g - g + t, -3*c + 121 = -4*g. What is the tens digit of c?
4
Let l(j) = -12 + j**3 + 7*j + 17*j + 18*j**2 - 12*j. What is the tens digit of l(-17)?
7
Suppose 0 = -3*k - 907 - 221. Let i = 584 + k. What is the units digit of i?
8
Suppose 4*r = -2*y, 4*y - 7*r - 12 = -12*r. Let q(p) = p + 0*p**3 + 7 + 8*p**2 + 2*p**3 - 3*p**3. What is the units digit of q(y)?
5
Let v(h) = 4*h**2 - 13*h - 20. What is the hundreds digit of v(-6)?
2
Suppose 8*v = 6*v + 192. Let s = v - 41. What is the tens digit of s?
5
Suppose 85*f - 69*f - 30528 = 0. What is the hundreds digit of f?
9
Let s(x) = x**2 + 3*x - 3. Let w(m) = 2*m**2 + 7*m - 5. Let z(k) = 7*s(k) - 4*w(k). What is the units digit of z(-5)?
9
Suppose 16*l = 1885 - 669. What is the tens digit of l?
7
Let h be (2 - -7)*-1*28. What is the units digit of (0 - -1 - 2)/(4/h)?
3
Let g(j) = -j**2 + 112*j - 253. What is the thousands digit of g(55)?
2
Suppose -86 - 54 = -r. What is the tens digit of r?
4
Suppose -3*v - 2*r = 0, -v + 0*v = -2*r. Let p = v + 0. Suppose p = m - 5*m + 12. What is the units digit of m?
3
Let